20 - 2*r**5/15 + r**4/24 + 4*r**3/3 - 1074*r**2. Give k(6).
-58
Let f(s) = 7*s**3 + 2*s**2 - 7*s - 3. Let c(j) = -j**3 - j**2 + j. Let g(k) = -6*c(k) - f(k). Suppose 10*b - 12 = 7*b. What is g(b)?
7
Let k(a) = 3*a + 2. Let j(x) = 2*x - 33. Suppose -2*u = -22 - 14. Let d be j(u). What is k(d)?
11
Let p(i) be the first derivative of i**3/2 + 8*i**2 - 116*i - 53. Let r(j) be the first derivative of p(j). What is r(-8)?
-8
Let a = 145 + -134. Let x(l) = 0*l**3 - 279*l - a*l**2 + l**3 + 2 + 288*l. What is x(10)?
-8
Suppose 10*p - 13 - 67 = 0. Let g(q) = q**3 - 7*q**2 - 7*q - 2. Let h be g(p). Let i(f) = f. What is i(h)?
6
Let f(x) be the second derivative of x**3 - x**2 + 410*x + 3. Let j = -10 + 12. What is f(j)?
10
Let b(c) = 16*c**2 - 26*c - 41. Suppose -2*w = w - 5*w. Let i(g) = -2*g**2 + w*g**2 - 1 - 7 + 5*g**2 - 5*g. Let z(x) = -2*b(x) + 11*i(x). What is z(5)?
4
Let u(c) = 5*c**3 - c**2 - c. Suppose v + j - 8 = 0, 3*j + 2*j = 3*v + 8. Suppose -4*l + 2*i - 12 = 0, 2*l = l - v*i + 15. What is u(l)?
-5
Let o(a) = 7*a**3 - 11*a**2 - 38*a - 54. Let q(j) = 3*j**3 - 6*j**2 - 18*j - 22. Let n(h) = 4*o(h) - 9*q(h). What is n(-8)?
30
Let q = -74 + -156. Let g = -223 - q. Let p(a) = -a**2 + 3*a + 2. Calculate p(g).
-26
Let q(t) = -40*t**2 + 5555*t + 706. Let y be q(139). Let i(l) = 7 + 4 + 5 - l. Calculate i(y).
5
Suppose 34 - 40 = -2*r. Let h(f) = 6*f**2 - 2*f**2 + 1 + 0*f - 2*f + f**3 + r. What is h(-5)?
-11
Let d(n) = -8*n - 46. Let f(t) = -6*t**3 - 3*t**2 + 2*t. Let l be f(1). Let s be d(l). Let u(q) = q**3 - 10*q**2 + q - 7. Give u(s).
3
Let p = -12 - -14. Let b be (-2)/(-1 - (-6)/(-6))*15. Suppose -p*l + 5*l = 2*q + 12, -4*l = -3*q - b. Let n(i) = -i**2 + 7*i + 4. Determine n(l).
10
Let r(m) = -185*m - 6. Let d(n) = 339*n + 11. Let b(q) = 6*d(q) + 11*r(q). Let y(p) = 0*p + 2*p - p. Let w be y(-5). Calculate b(w).
5
Suppose 7*r = -2*z + 3*r, 2*r = 2*z. Suppose z*m - 5*m + 15 = 0. Suppose m*n - 4*p - 3 = -8, n + 5 = 2*p. Let u(g) = -g**2 + 4*g - 3. Give u(n).
-8
Let i(v) = -3*v**2 - v - 2. Let m(r) be the first derivative of -r**3 - r**2/2 + 47*r - 239. Let z be m(-4). Give i(z).
-32
Let n(f) = 37*f**3 + 11*f**2 - 10*f + 71. Let w(d) = -52*d**3 - 17*d**2 + 15*d - 106. Let k(b) = -7*n(b) - 5*w(b). Calculate k(-8).
73
Let h(a) = a - 10. Let q = -40 - -14. Let l(c) = -3*c - 53. Let s be l(q). Suppose -63*y = -58*y - s. What is h(y)?
-5
Let n = -9 + 57. Let d = -52 + n. Let x(h) = 2*h**3 + 15*h**2 + 3*h + 9. Let f(k) = k**3 + 8*k**2 + k + 5. Let z(c) = -5*f(c) + 3*x(c). Give z(d).
2
Let g(b) = -37*b + 114. Let l(r) = 24*r - 75. Let v(y) = -7*g(y) - 11*l(y). Give v(6).
-3
Let r(a) = -a**3 - 6*a**2 + 8*a + 17. Let i = 6083 - 6090. Give r(i).
10
Let s(o) = -5*o + 4. Let b = -238 + 563. Let c = b - 319. Calculate s(c).
-26
Let p(j) be the second derivative of -37*j**3/3 - j**2 + 338*j. What is p(-1)?
72
Let u = -12 - -16. Suppose 5*g - 54 = -4*c, u*c = -0 + 4. Suppose 0*h - 40 = -g*h. Let b(d) = -d + 4. Calculate b(h).
0
Suppose -3*d + 29 = -c, -5*c + 5 - 6 = 3*d. Let n(x) = -25*x + 205. Determine n(d).
5
Let i be -37*(-3)/(-15)*-5. Suppose -i*k - 1 = -36*k. Let c(f) = -13*f. Calculate c(k).
13
Let o = -8360 - -8352. Let v(w) = w**2 + 7*w + 8. Determine v(o).
16
Let a(y) = y**3 + 14*y**2 + 41*y + 18. Let d be ((-7)/21)/((-11 + 23)/360). What is a(d)?
8
Let h(o) be the third derivative of o**5/6 - o**4/3 - o**3/6 - 4259*o**2. Calculate h(-1).
17
Suppose 4 = 15*s - 14*s. Suppose s*v - 103 = 145. Let b = -66 + v. Let w(t) = 2*t + 1. What is w(b)?
-7
Suppose -121*f = 26*f - 50*f + 679. Let w(q) = q + 4. Suppose -4*t - 1 = -3*t. Let z(u) = -1. Let l(p) = t*w(p) + z(p). Give l(f).
2
Let t(p) be the third derivative of -12*p**2 - 1/120*p**5 - 2/3*p**3 - 1/8*p**4 + 0*p + 0. Let i(c) be the first derivative of t(c). Calculate i(7).
-10
Let v(a) be the first derivative of a**7/840 + a**6/90 - a**5/24 - 22*a**3/3 - 21. Let j(p) be the third derivative of v(p). What is j(-4)?
20
Let x(d) be the first derivative of 15*d + 5 - 3/2*d**2. Give x(5).
0
Let z(v) be the second derivative of -2*v + 1/6*v**3 + 13/2*v**2 + 0. Let f = -41051 + 41051. Determine z(f).
13
Let l(r) = -9*r**3 + 31*r**2 + 4*r - 17. Let h(b) = -4*b**3 + b**2 - b + 1. Let m(d) = 3*h(d) - l(d). Determine m(-9).
2
Let c(f) = 17*f**2 + 13*f - 5. Let g(y) = 9*y**2 + 6*y - 2. Let z(k) = 3*c(k) - 5*g(k). Let j(m) = -3*m**2 - 2*m + 1. Let o(a) = -4*j(a) - z(a). Calculate o(2).
23
Let y(w) = w**3 - 5*w**2 - 2*w - 5. Suppose -z - n + 2 = 0, 4*z + 5*n = 45 - 35. Calculate y(z).
-5
Suppose 11*b - 8*b = 5*r - 126, -5*r = b - 118. Suppose -145*h = -149*h - r. Let p(k) = -k - 10. Give p(h).
-4
Let o = 35 - 30. Let x = 2 - o. Let t(k) = -k**3 - 3*k**2 + k - 2. Let w be t(x). Let r(i) = -2*i**2 - 6*i. Give r(w).
-20
Let n(f) = -3 + 4 + 7*f + 20*f**3 + 2*f**2 - 9*f - 7*f**3 + 0*f**2. Let t = 31 - 30. Give n(t).
14
Suppose y - 6*y = q - 11, 0 = -y + 4*q - 2. Suppose 6*u - 161 - 31 = 0. Let b(t) = u + 5*t + 2*t - 37 - y*t. Determine b(6).
25
Let f = -1034 - -1047. Suppose 8 + 16 = 4*t. Let o(b) = -2*b**2 + 12*b + 7. Let g(c) = c**2 - 6*c - 3. Let w(h) = f*g(h) + t*o(h). What is w(6)?
3
Let i(v) = -10*v - 17. Let n be (-19)/4 + 10 + (-1406)/152. What is i(n)?
23
Let b(u) be the first derivative of -9*u**2/2 + 107*u - 100. Calculate b(12).
-1
Let m(g) = -19*g + 37. Let q(r) = -55*r + 2147. Let b be q(39). Calculate m(b).
-1
Suppose 2*p + 2*p - 18 = -2*h, 2*p - 4*h - 14 = 0. Let v(o) = 3 + 1 - 6*o + 2*o + p*o. Suppose 6*s = 25 - 1. Calculate v(s).
8
Let b(y) = y**3 - 11*y**2 + 11*y + 12. Suppose 0 = -3*w + 3*d + 36, 0 = -2*w + 3*d - 8*d + 38. Suppose -177 = -w*n - 37. Determine b(n).
22
Let v(o) = -o**3 + 2*o**2 - o + 9. Let n = 967 + -991. Let j(x) = x**3 + 24*x**2 - 2*x - 45. Let w be j(n). Calculate v(w).
-3
Let w(d) be the third derivative of -d**4/24 + d**3/3 + 11*d**2. Let t be w(0). Let b(r) = t*r + 0 - r + 3 + 0. Calculate b(6).
9
Let i(l) be the third derivative of -l**5/15 + 5*l**4/24 - 7*l**3/3 - 16*l**2. Let q be i(4). Let c = -50 - q. Let y(t) = -t**3 + 8*t**2 + 1. Give y(c).
1
Let d(t) = t - 9. Let f = 91 - 95. What is d(f)?
-13
Let a(z) = 17*z + 12*z - 11 - 70*z - 9 + 42*z. Calculate a(-10).
-30
Let z(q) = q**3 + 21*q**2 + 20*q - 3. Let f(x) = -x**3 - 18*x**2 - 73*x + 36. Let n be f(-8). Determine z(n).
-3
Suppose -44*h + 50*h + 36 = 0. Let v be 2076/(-300) - h/(-75). Let a(r) = r**2 + 6*r - 8. Give a(v).
-1
Let k(o) = -10*o**2 + 2*o + 1. Suppose 60 - 72 = 12*u. Determine k(u).
-11
Let q = -13500 + 13492. Let d(m) = -15*m + 11. Determine d(q).
131
Let z(i) = 19*i - 17. Suppose 4*k - 80 = 2*p - 72, -5*k - 3*p = -10. Determine z(k).
21
Let k be (17 + -2)/((-6)/4). Let p(j) = -15*j + 4. Let s(d) = -5*d + 2. Let b(w) = k*s(w) + 4*p(w). Determine b(3).
-34
Let o(g) = -5*g + 3. Let q(f) = -f**3 + 9*f**2 - 14*f + 3. Let c be q(7). Suppose 5*j + l = 15, -7*j + 3*j + 31 = -c*l. What is o(j)?
-17
Let o = 872 + -858. Let j(h) = 2 + h**3 - 6 + o + 4*h**2 - 7 - 2*h. What is j(-5)?
-12
Let r(j) = 22785*j - 11394*j - 49 - 11389*j. What is r(10)?
-29
Let g(b) be the first derivative of b**2 + b - 1. Let i = 514 - 506. Let w(u) = -5*u - 3. Let m(f) = i*g(f) + 3*w(f). What is m(4)?
3
Let y(m) = 2*m**3 + 12*m**2 - 15*m. Suppose -116*w - 623 = -27*w. Calculate y(w).
7
Let c(q) = q**3 + 3*q**2 - 9*q + 3. Let x be c(2). Let o(t) = t**3 - 7*t**2 + 5*t. Determine o(x).
-25
Let p(j) be the second derivative of -1/6*j**3 - 7/2*j**2 + 0 + 3*j. Let r(z) = -4*z**2 - 69*z - 74. Let m be r(-16). What is p(m)?
-13
Let l(r) be the second derivative of r**5/10 - 2*r**4/3 + r**3/6 - 6*r**2 + 4715*r - 1. What is l(4)?
-8
Let p(z) = 1 + 2 + 5 - 17*z + 14*z. Calculate p(-4).
20
Let o(g) = -66*g - 1579. Let x be o(-24). Let j(z) = -4*z**2 + 21*z - 8. Calculate j(x).
-3
Suppose -98*t = -278*t - 360. Let s(u) = -2*u**2 + 4. Determine s(t).
-4
Let r(y) = y + 7. Let x be r(-4). Let m = x + -6. Let n(q) be the first derivative of -3*q**2/2 - q - 7. What is n(m)?
8
Let x(o) = 32*o**3 - 22*o**2 + 6*o + 4. Let j(t) = -5*t**2 + t + 1. Let y(d) = 5*j(d) - x(d). Calculate y(-1).
31
Let m be 7*((-4968)/161)/24. Let x(s) = 14*s - 45. Calculate x(m).
-171
Let f(x) = 37*x**3 - 28*x**2 - 23*x + 42. Let y(h) = 13*h**3 - 9*h**2 - 8*h + 14. Let p(d) = -6*f(d) + 1